reatest common factor of k and x.
17
Let d be ((-98)/4)/(5/(-10)). Calculate the greatest common divisor of d and 7.
7
Suppose 0*z - 4 = -2*z - 2*t, -z + 4*t = -12. Suppose z*a - q = -3*q + 344, q + 4 = 0. Calculate the greatest common divisor of 8 and a.
8
Let h be 130/(-8)*(-24)/3. Let q(d) = -13*d. Let i be q(-1). Calculate the greatest common divisor of i and h.
13
Let x(w) = 25*w**2 - 3*w + 2. Let m be x(1). Calculate the greatest common factor of 36 and m.
12
Suppose z - 2*z = -3. Calculate the highest common factor of 24 and z.
3
Let f be (1 + -3)*(2 - 18). Suppose -4*x + f = -0*x. Suppose -n + 0 = -32. What is the greatest common factor of x and n?
8
Suppose -2*w = 2*w - 40. Calculate the greatest common divisor of 15 and w.
5
Let f be ((-45)/3)/(21/(-28)). Calculate the highest common divisor of 140 and f.
20
Suppose -61 = -5*q + 9. Suppose 2*b + 2*v + 476 = 5*v, -4*v - 731 = 3*b. Let i = -115 - b. Calculate the highest common factor of i and q.
14
Suppose 0 = 4*m - 4*a - 4, -a - 17 = -m + 4*m. Suppose -4*t = 2*v - 14, 0 = 2*v - 2*t + t - 29. Let n = m + v. Calculate the highest common divisor of 9 and n.
9
Suppose -p - 4*p = -25. What is the greatest common factor of 35 and p?
5
Let z(x) = -x + 40. Let y be z(21). Calculate the highest common divisor of 304 and y.
19
Suppose v - 17 + 1 = 0. What is the greatest common factor of v and 2?
2
Suppose i - 19 = 23. Calculate the greatest common divisor of 14 and i.
14
Suppose -3*b - 2*b = -5. Let u = -8 + 13. What is the greatest common factor of u and b?
1
Suppose 0 = -4*v + 5*h + 19 + 6, -5*v + 3*h = -28. Let f = 2 + 3. Calculate the greatest common factor of v and f.
5
Let w(t) = -t + 3. Let a(v) = -v**3 - 4*v**2 + 3. Let h be a(-4). Let f be w(h). Let g be (0 - (f - 36))/1. Calculate the highest common factor of g and 24.
12
Suppose -v + 3 = -4*v, 0 = 3*j - 2*v - 41. What is the highest common factor of j and 52?
13
Let n be ((-2)/6)/((-2)/12). Suppose 0 = -7*v + n*v - 70. Let w = 22 - v. What is the highest common factor of w and 9?
9
Suppose -3 - 3 = s + 3*w, 12 = 5*s + w. Suppose 5*k = 213 - 3. Suppose 0*a - k = -2*a. What is the highest common divisor of s and a?
3
Let q(p) = -p**3 - 6*p**2 - 2*p + 2. Let c be q(-5). Let z = -7 - c. Let w be 2/(-3) - (-52)/z. What is the greatest common divisor of 16 and w?
8
Let p be (8/(-24))/((-1)/30). Let a = -44 - -62. Suppose -4*u = -3*u + 2*y - a, -5*y = -3*u + p. Calculate the greatest common factor of 50 and u.
10
Let m be (0 - (-15)/(-2))*-2. Suppose -2*w + 151 = 31. Calculate the highest common factor of m and w.
15
Let f(b) = -b**2 + 9*b + 34. Let m be f(11). Calculate the highest common factor of 36 and m.
12
Suppose 5*n - r = 116, -r - 12 = -4*r. Calculate the greatest common factor of n and 12.
12
Suppose -5*c = -78 - 22. Calculate the greatest common factor of 10 and c.
10
Suppose -15 - 5 = -5*v. Suppose h - 2*x = 8, 7*h - v*h - 15 = 3*x. Let m(u) = 3*u**2 + 2*u - 3. Let k be m(h). What is the highest common factor of 13 and k?
13
Suppose -5*m + 453 = c, 5*c = -m + 6*m - 435. What is the greatest common divisor of 18 and m?
18
Suppose h - 176 = -68. What is the greatest common divisor of h and 24?
12
Suppose 2*w - 5*q + 3*q + 4 = 0, -16 = -w - 5*q. What is the highest common factor of 3 and w?
1
Let n(y) = -3*y**2 - 4*y + 84. Let r be n(0). Calculate the highest common divisor of 3 and r.
3
Let l(z) = z**2 - 3*z - 7. Let c be l(5). Let s = 19 - c. Calculate the highest common factor of 24 and s.
8
Let q be (57 - 0) + (-5 - -4). Calculate the highest common factor of q and 16.
8
Suppose 2*n = 4*c - 3*n - 203, -5*n = 3*c - 196. Let b = c - -34. Calculate the highest common factor of b and 13.
13
Let s(q) = -11*q - 5. Let x(b) = b**3 + 6*b**2 + 5*b - 4. Let k be x(-5). Let f be s(k). What is the highest common factor of 13 and f?
13
Suppose -6 = -0*h + 3*h. Let a be (-6)/h + -1 - 1. Let v be 130 + 2 - a - -1. What is the greatest common factor of 12 and v?
12
Let r(l) = l**2 - 3*l - 6. Let w be r(5). Let z be w + (-3 - -2 - -1). What is the greatest common factor of 36 and z?
4
Suppose 4*v = -6*v + 800. What is the greatest common divisor of 10 and v?
10
Suppose -12 = 223*v - 229*v. Let w = 29 - 7. Calculate the highest common factor of v and w.
2
Suppose -5*f = 2 - 87. What is the highest common divisor of 17 and f?
17
Suppose 5*c + 0 = -10. Let j = 3 + c. Let v be j*-1 + (0 - -6). Calculate the greatest common factor of 1 and v.
1
Let n(k) = k**2 - 3*k - 2. Suppose -5 = g - 9. Let i be n(g). Calculate the greatest common divisor of 4 and i.
2
Suppose -4*l + 13 = 1. Let c(j) = 7*j - 1. Let p be c(4). What is the highest common factor of p and l?
3
Let c(i) = -4*i - 1. Let f be c(-1). Let p be (-32)/(-3) - 2/f. Suppose 3*l - 88 = -g, 2*l + g + 12 = 70. Calculate the greatest common divisor of l and p.
10
Suppose 2*w - 6 = -w, w = 3*a - 67. Let b = 163 - a. Suppose b = 4*k - 2*g, 3*g = -2*k - k + 105. Calculate the highest common divisor of 5 and k.
5
Let r = 12 - 19. Let m = 10 + r. Suppose m*v + 20 = 4*v. What is the highest common divisor of v and 220?
20
Let f = -28 - -36. Calculate the highest common divisor of f and 12.
4
Suppose u = 11 + 33. Calculate the highest common divisor of 4 and u.
4
Suppose 2*v = -v + 9. Let q be v*2/12*24. What is the greatest common divisor of 60 and q?
12
Suppose 3*j - 10*j = -357. Calculate the highest common factor of j and 17.
17
Let g(x) = -15*x**3. Let i be g(-1). Calculate the greatest common divisor of i and 30.
15
Let z(b) = -2*b + 2. Let c be z(-8). Suppose -4*q - 1 = -5, -2*y - 5*q = -17. Calculate the greatest common factor of c and y.
6
Let u = 4 - -9. Calculate the highest common divisor of u and 39.
13
Let y = -56 + 82. Let x(h) = h**2 - h + 1. Let k(b) = -2*b + 9. Let o be k(6). Let f be x(o). What is the highest common divisor of f and y?
13
Let i be 114/(-15) + (-4)/10. Let v be i/(-6)*144/32. What is the greatest common divisor of 66 and v?
6
Suppose -5*p - 4*h + 10 = 0, -p - 4*h + 23 - 5 = 0. Let n = p + 4. Suppose 4*d = 20 - 4, n*j - 2*d = 12. What is the highest common factor of j and 90?
10
Suppose 5*r = -214 - 276. Let c = 178 + r. Calculate the highest common divisor of 8 and c.
8
Let m(d) = -d**3 + 10*d**2 + 13*d - 7. Let w be ((-2)/6)/((-1)/33). Let p be m(w). Calculate the highest common divisor of p and 30.
15
Let t(i) = 2*i**2 + 3*i - 3. Let z be t(-3). Let s(h) = 6 - 2*h**2 + 4*h**2 + z*h + 2*h. Let g be s(-8). What is the highest common divisor of g and 10?
10
Let r = 27 + -18. Calculate the highest common factor of 81 and r.
9
Let q = 41 - 23. What is the greatest common factor of q and 18?
18
Suppose o + 0 = -2. Let d be (-56)/7*o/2. What is the greatest common factor of d and 8?
8
Suppose -4*y - 3 = m + y, -60 = -4*m + 4*y. Calculate the highest common factor of m and 30.
6
Let q(v) = 2*v + 12. Let d be q(-3). Calculate the greatest common divisor of 21 and d.
3
Let l be (0 - -124) + 15/(-5). Let o(t) be the first derivative of 5*t**2/2 - 4*t - 1. Let r be o(3). What is the highest common divisor of l and r?
11
Let b = 10 + -11. Let z be b/(-3)*54/3. What is the highest common divisor of 48 and z?
6
Suppose 4*u - v - 30 = v, -2*u - 4*v = 10. Suppose 130 = u*b - 95. Let i be (2 - 1)/((-2)/(-10)). Calculate the greatest common divisor of b and i.
5
Let y = 735 + -335. Suppose 3*r = -2*r + y. What is the highest common divisor of r and 10?
10
Let l(h) = h**3 - h**2 - h + 22. Suppose 5*b + 2*q = -0*q + 10, 0 = 5*b - 3*q + 15. Let p be l(b). Calculate the greatest common factor of p and 11.
11
Let l be 0 - (1 + -55 - -2). Suppose 2*y + 0*y = l. Let c be y + (2 - 2) + 0. What is the greatest common factor of c and 39?
13
Let t(u) = u**2 + 6*u + 6. Let i be t(-7). Calculate the highest common divisor of i and 65.
13
Let f(h) = -h**2 + h + 4. Let s be f(0). Suppose 0 = -2*x + s*x - 4. What is the highest common divisor of x and 4?
2
Let a = -52 + 122. Calculate the highest common divisor of 14 and a.
14
Suppose 0*r + 2*c + 478 = 5*r, -389 = -4*r - 5*c. What is the greatest common divisor of r and 12?
12
Suppose 5*a - 3*c = -5*c + 484, -a - 2*c + 100 = 0. Let t be -1*(-2)/(6/585). Let n = t - a. Calculate the greatest common divisor of 11 and n.
11
Suppose 1 = d, 3*d = -5